ue
Is 2223739421 a composite number?
False
Is 17351376071 a composite number?
False
Is 800135311 a composite number?
True
Is 330525857 a composite number?
False
Is 191609393 composite?
False
Is 291178582 a composite number?
True
Is 523886437 prime?
True
Is 117500227147 prime?
False
Is 120368603 a prime number?
False
Is 78182948401 prime?
True
Is 74497331681 prime?
True
Is 250663187 prime?
False
Is 712201582 a composite number?
True
Is 1400455271 a composite number?
False
Is 683308517 prime?
True
Is 129109203649 prime?
False
Is 18123859987 composite?
True
Is 402283237 composite?
False
Is 1428199483 a composite number?
True
Is 2191282033 composite?
False
Is 184469082839 a composite number?
True
Is 8919798379 composite?
False
Is 2286073457 a prime number?
False
Is 1027230089 a prime number?
False
Is 1789529167 a prime number?
True
Is 6293032321 a prime number?
False
Is 190027088921 a composite number?
False
Is 40705122841 a prime number?
False
Is 24418310703 composite?
True
Is 212198087 prime?
False
Is 312881071 a prime number?
False
Is 150257803 prime?
True
Is 7070718163 prime?
True
Is 120777910559 a prime number?
True
Is 51269882923 prime?
False
Is 1224273751 prime?
False
Is 14301514697 a prime number?
False
Is 65857746809 composite?
False
Is 416142157 a composite number?
False
Is 121519707 composite?
True
Is 63619622977 composite?
False
Is 215219201 a prime number?
False
Is 128690411 composite?
True
Is 2096361643 a composite number?
False
Is 1801328123 a prime number?
False
Is 2498493421 composite?
True
Is 1939799283 prime?
False
Is 1905505009 composite?
True
Is 101451791227 composite?
True
Is 6450679 a composite number?
False
Is 2388513643 prime?
False
Is 84416515097 composite?
True
Is 19866686869 prime?
False
Is 45963687611 a prime number?
False
Is 1330307669 prime?
True
Is 390396529 prime?
True
Is 11342366263 composite?
False
Is 10790419681 a composite number?
False
Is 8391197323 a prime number?
True
Is 144779461 prime?
False
Is 454589303 prime?
False
Is 3025955 a composite number?
True
Is 849997451 composite?
False
Is 2700044747 a prime number?
True
Is 1366782679 composite?
False
Is 6954791059 composite?
False
Is 2833010039 a prime number?
True
Is 41976347 composite?
True
Is 72582239 a composite number?
True
Is 202532909 composite?
True
Is 50644799 a prime number?
False
Is 896049299 prime?
False
Is 781492847 prime?
False
Is 176545375915 a composite number?
True
Is 3252698831 prime?
True
Is 14824526659 a composite number?
True
Is 71298936965 a prime number?
False
Is 14361035167 a prime number?
False
Is 43459198214 a prime number?
False
Is 4226224481 a composite number?
True
Is 3189626587 composite?
True
Is 16643361769 a composite number?
False
Is 25562683991 a composite number?
True
Is 157122351059 a prime number?
True
Is 13878661267 a composite number?
False
Is 584273147 a prime number?
False
Is 5870254769 a prime number?
True
Is 11286569743 composite?
False
Is 664674181 prime?
True
Is 656957927 prime?
False
Is 32253752703 prime?
False
Is 3407786521 a composite number?
True
Is 23311212329 a prime number?
True
Is 1642265179 a composite number?
True
Is 386987759 composite?
False
Is 4132214789 a composite number?
True
Is 43720110851 a composite number?
False
Is 2273401267 a composite number?
False
Is 19201845973 prime?
True
Is 3979696481 a composite number?
True
Is 3932312873 prime?
True
Is 30983473567 composite?
True
Is 4878336487 prime?
True
Is 707611501 a prime number?
True
Is 10571281051 composite?
True
Is 950210471 a prime number?
False
Is 1989604579 prime?
True
Is 104494658167 composite?
False
Is 22741793807 prime?
False
Is 2904182321 composite?
False
Is 10398216143 a prime number?
False
Is 21300099839 a prime number?
True
Is 863439103 prime?
True
Is 6135497161 a prime number?
True
Is 1304846209 prime?
False
Is 11447033207 a prime number?
False
Is 16318424201 a composite number?
False
Is 1521228013 a prime number?
True
Is 2013768049 composite?
False
Is 16770820771 a composite number?
True
Is 14667434347 a composite number?
True
Is 62141570063 a composite number?
False
Is 2081647681 a composite number?
False
Is 3155559959 a prime number?
False
Is 629892563 prime?
False
Is 279269326597 a composite number?
False
Is 61302089983 composite?
True
Is 2090583463 a prime number?
False
Is 5823007579 a prime number?
False
Is 2397151649 a prime number?
True
Is 3610081949 a composite number?
False
Is 5652848581 a prime number?
False
Is 5451458399 a prime number?
True
Is 42683799787 a composite number?
False
Is 160174855 a prime number?
False
Is 1155930371 prime?
False
Is 39744797957 a prime number?
False
Is 38554223181 prime?
False
Is 573933391 prime?
True
Is 15193972103 a composite number?
False
Is 2189338549 a composite number?
False
Is 67396003 a prime number?
False
Is 72988211 a composite number?
False
Is 883027239 composite?
True
Is 3500467849 composite?
False
Is 1801594259 prime?
True
Is 395573803 a composite number?
True
Is 187258989473 prime?
True
Is 3401576691 a prime number?
False
Is 1995059483 prime?
False
Is 79257952195 prime?
False
Is 427046591 a composite number?
False
Is 355570829 a composite number?
True
Is 10231631329 a prime number?
True
Is 860013899 composite?
False
Is 27476230477 a composite number?
False
Is 122242381 a composite number?
True
Is 684268657 prime?
True
Is 46409086727 a composite number?
False
Is 795006361 composite?
True
Is 68567033537 a prime number?
True
Is 880074337 prime?
False
Is 4514388971 prime?
False
Is 40596245023 prime?
True
Is 2950044073 composite?
True
Is 30985043 prime?
False
Is 58073476361 a composite number?
False
Is 797322021 a prime number?
False
Is 4246861321 a composite number?
False
Is 15840729253 a prime number?
True
Is 3242546369 a composite number?
False
Is 1781046913 a composite number?
False
Is 550263143 a composite number?
False
Is 8586719081 composite?
True
Is 3652113446 a composite number?
True
Is 264196903 composite?
False
Is 212377651307 prime?
False
Is 8208182809 prime?
True
Is 39073497791 a prime number?
False
Is 5398796071 prime?
False
Is 2736754663 a composite number?
False
Is 32720163407 a composite number?
True
Is 606878267 a prime number?
True
Is 178301741 composite?
True
Is 94298249431 a composite number?
True
Is 8542373747 a prime number?
True
Is 862808747 a prime number?
False
Is 4033347421 a prime number?
False
Is 1138473827 composite?
True
Is 4034523319 composite?
False
Is 98375460191 composite?
True
Is 2486239337 composite?
False
Is 18436679951 prime?
True
Is 3397265737 a composite number?
True
Is 640370827 prime?
True
Is 142816001 a prime number?
False
Is 2361275467 prime?
True
Is 2863499723 a composite number?
True
Is 34321415119 composite?
False
Is 10679148661 composite?
False
Is 6813457397 composite?
False
Is 16093787419 a prime number?
True
Is 15356754557 a composite number?
False
Is 794352899 composite?
True
Is 89471924345 a prime number?
False
Is 1839852689 prime?
True
Is 8429486041 prime?
False
Is 1749645113 composite?
False
Is 6395119727 a composite number?
False
Is 190582433501 a composite number?
False
Is 6221170979 a composite number?
False
Is 45852859223 prime?
True
Is 9361681509 composite?
True
Is 14309244193 a composite number?
True
Is 36018912037 a prime number?
False
Is 360069211 a prime number?
True
Is 36025837 prime?
True
Is 2326044169 a prime number?
False
Is 382596541 a prime number?
True
Is 13412919197 a prime number?
False
Is 5637351439 composite?
True
Is 1480436777 a prime number?
False
Is 1261909273 a prime number?
True
Is 459384637 prime?
False
Is 1521216937 a prime number?
True
Is 17173319819 a prime number?
False
Is 450534379 a composite number?
False
Is 9855679037 prime?
False
Is 252106691 a prime number?
False
Is 61460591359 composite?
True
Is 611991173 composite?
False
Is 71718889141 prime?
True
Is 216722237 a composite number?
False
Is 4473218801 a prime number?
True
Is 7356920297 a composite number?
False
Is 561563291 composite?
True
Is 284609077 composite?
False
Is 3346815385 a composite number?
True
Is 44197897753 composite?
False
Is 1460409881 a prime number?
False
Is 30377392391 prime?
False
Is 93659905591 prime?
False
Is 2339665721 prime?
True
Is 52102291786 a composite number?
True
Is 295464119 a prime number?
True
Is 224807490599